third derivative of 5*b**4/12 + 577*b**3/6 + 120*b**2. Determine v(-58).
-3
Let v be -11 - (-1 - 22 - -9). Let h(p) be the third derivative of -p**5/60 + p**4/4 - p**3/3 - 2*p**2. Determine h(v).
7
Suppose -2*d - 136 = -3*d + 3*l, -2*d = 5*l - 228. Let y = -122 + d. Let f(c) = c**3 - 4*c**2 + 3*c - 3. Calculate f(y).
-5
Let a(l) = -l + 3. Let b(u) = -3*u**2 + 22*u + 6. Let y(k) = -k**2 + 6*k + 1. Let z(t) = b(t) - 2*y(t). Let w be z(10). Give a(w).
-1
Let v(t) be the first derivative of 14*t**3/3 - 2*t + 450. Calculate v(-1).
12
Let w(d) = 301 + 206 + 309 - 6*d - 710. Give w(18).
-2
Let w(n) = 3*n - 48. Let j be w(18). Let g(m) = j - 3 + 306*m - 304*m. Suppose -5*t + 4 - 19 = 4*o, 4*o = 0. Determine g(t).
-3
Let y(m) be the first derivative of -m**3/3 - 5*m**2/2 - 5*m - 5. Suppose -26*t - 80 + 44 = 68. Calculate y(t).
-1
Let d(o) = -o + 7. Let a(s) = -s**2 + 128*s - 89. Let m(y) = -43*y + 30. Let n(g) = 2*a(g) + 7*m(g). Let i be n(-23). Give d(i).
-2
Let v(c) = -26*c**3 + c. Let q = 880 + -878. Let n be (5 - 2)/(q + 1). Give v(n).
-25
Let y(i) = -i**3 + 5*i + 5*i - 12*i - 6 + 7*i**2. Suppose 0 = 22*h + 181*h - 1015. Give y(h).
34
Let n(x) be the third derivative of 7/6*x**3 + 0*x + 1/8*x**4 - 2 + 44*x**2. Give n(-6).
-11
Let k(a) be the first derivative of -a**3/3 + 11*a**2/2 - 1324. Give k(10).
10
Suppose 0*f + 4*f + 25 = 3*t, 7 = 2*f + 5*t. Let o(v) = 2*v**2 + 2*v + 1. Calculate o(f).
25
Let d(b) = 2*b**2 + 21*b - 3. Let p be d(-5). Let g be p/(-14) - 4/28. Let k be (-7)/(g + -3 - (1 - 1)). Let u(o) = o**3 + 6*o**2 - 8*o + 8. Give u(k).
15
Let p(r) = -r**3 - 24*r**2 + 30*r + 128. Let a be (32/(-3))/(9/27) + 19 + -12. What is p(a)?
3
Let y(k) = 12*k**2 - 5*k + 28. Let h(u) = 17*u**2 - 9*u + 41. Let x(p) = -5*h(p) + 7*y(p). Let v = 31 - 25. Calculate x(v).
15
Let q(a) = 3*a - 81. Let s(m) = -4*m + 113. Let r(c) = -11*q(c) - 8*s(c). What is r(-20)?
7
Let f(y) = 6*y**2 + 3*y + 1. Let w(k) = 3*k**2 + k. Let x(n) = 2*f(n) - 5*w(n). Let o = -183 - -187. Determine x(o).
-42
Let g = -83 + 82. Let l(f) = 19380*f - 19379*f + 0*f**2 + 4*f**3 + f**2. What is l(g)?
-4
Let j be ((-3)/32*-8)/((-6)/16) + 0. Let k(o) = 15*o**2 + 4*o + 3. What is k(j)?
55
Let y = -579 - -580. Let a(k) = 12*k**3 - 2*k**2 + 4*k - 3. What is a(y)?
11
Let m(s) = -15 + 12*s**3 - 9*s**2 + 21*s + 21*s**3 + 12*s**3 - 44*s**3 - 9. What is m(6)?
-6
Let y(d) = d - 9. Let x be ((-14)/2)/((-567)/405). What is y(x)?
-4
Let p(r) = 6*r**2 - 2*r + 4. Let l be (-116)/(-30) + (56/(-60))/(-7). Determine p(l).
92
Let m(c) = -752*c + 5252. Let u be m(7). Let p(k) = k**2 + 15*k + 35. Calculate p(u).
-1
Let r(t) = -t**2 - 5*t. Let z(s) = -5*s**2 + 122*s - 28. Let m be z(24). Suppose m = -3*w + a, -8*a + 4*a + 20 = 0. Give r(w).
0
Let v(c) = -c + 4142150 - 4142150. What is v(3)?
-3
Let y(i) be the first derivative of i**6/360 - i**5/10 - 3*i**4/8 + 13*i**3/3 - 152. Let a(h) be the third derivative of y(h). What is a(12)?
-9
Suppose 117 = -11*s + 1261. Let r(j) = -j**3 + 14*j - 74 - 41 - 6*j**2 + s. Give r(-8).
5
Let b = -4278 - -4284. Let v(m) = -m**3 + 10*m**2 - 30*m + 29. Give v(b).
-7
Let q(w) be the third derivative of -w**5/60 + 11*w**4/24 + 8*w**3 - w**2 + 637*w. What is q(-4)?
-12
Let n(t) = t**3 + t**2 - t. Let z be n(-2). Let m be 17540/65 + 2 - 4/(-26). Let d(b) = 139 - m + 134 - 3*b. Give d(z).
7
Let q be (-14)/(-8) + -2 - 177/(-4). Let i = q - 129. Let j be ((-3)/(-5))/(17/i) + 3. Let s(c) = c - 1. Determine s(j).
-1
Let y(b) = -b**3 + 6*b**2 - 3*b - 4. Let j(d) = -2*d + 4. Let w = 129 - 129. Let i be j(w). Suppose -2*h + 14 - i = 0. Determine y(h).
6
Let s = 4139 + -4119. Let y(b) = -b**2 + 24*b - 65. Calculate y(s).
15
Suppose 0*c - 4*c = 2*u + 1576, -2*u + 1576 = -4*c. Let q = c + 401. Let w(n) = n**2 - 2*n - 8. Let g(m) = m - 1. Let p(l) = -6*g(l) + w(l). Calculate p(q).
-9
Let g(o) be the second derivative of o**4/12 + 13*o**3/6 + 11*o**2/2 - 3*o - 22. Let c(u) = -2*u**2 - 14*u - 11. Let i(v) = 2*c(v) + 3*g(v). What is i(11)?
11
Let t(m) = -12*m**2 + m + 31. Let u(y) = 14*y**2 - 2*y - 35. Let o(w) = -6*t(w) - 5*u(w). Calculate o(-6).
37
Let s(o) = -26*o + 166. Let t be (234/(-14))/(-3) + (-9 - 1254/(-133)). Calculate s(t).
10
Suppose -5*l + 3*b = 7*b - 42, 3*b = 3*l - 36. Let i be l + ((-2)/2 - 0). Let n(a) = a - 4. Give n(i).
5
Let n(f) be the first derivative of f**2/2 - f + 2142. Suppose 12 = -3*j - 3. What is n(j)?
-6
Let g(c) be the second derivative of -c**4/12 + 13*c**3/2 - 5*c**2/2 + 3194*c. Give g(39).
-5
Let q(p) = 89*p**3 + 84*p**3 + 6*p - 58 - 9*p**2 - 172*p**3. Let r be q(9). Let i(b) = b**2 + 6*b - 5. Give i(r).
-13
Let v(p) = 22*p - 81 + 39*p + 72 - 58*p. Let j be 476/85 + (-1 - (-7)/5). Calculate v(j).
9
Let r(x) = x**2 + 8*x - 17. Let g be r(-10). Suppose 4 = g*p - 8. Let v(q) be the third derivative of -q**4/24 + q**3/2 + 5*q**2. Determine v(p).
-1
Suppose 2*g - 3*y = -135, 0 = -3*g + 6*y - 5*y - 220. Let m = 71 + g. Let b(n) = -n**2 - 8*n - 8. Let k be b(m). Let r(u) = -u**2 + 7*u + 10. Give r(k).
2
Suppose 6*u - 38 = -2. Let p(z) = z - 1. Let a(j) be the third derivative of -j**5/30 + 3*j**4/8 - 5*j**3/6 + 28*j**2. Let d(b) = u*p(b) - a(b). Calculate d(4).
19
Suppose -3*p + 13 + 53 = u, 3*p - 60 = -3*u. Suppose -3*f + p = 2. Let a(r) = -r**2 + 9*r + 5. Determine a(f).
19
Let y be (-3 - -1 - -27)*(-44)/(-55). Suppose 0 = y*c - 27*c + 84. Let g(k) = k**3 - 12*k**2 + 4*k - 10. Calculate g(c).
38
Let u = -77 + 86. Suppose -u*v + 7*v = -12. Let z(n) be the third derivative of n**5/60 - n**4/6 - 2*n**3/3 - 2*n**2. Give z(v).
8
Let f(l) = 16*l + 330. Suppose -2*k - 37 = -5*i, -4*k + 24*i = -14*i + 46. Calculate f(k).
-6
Let f = 6 + -2. Let a(q) = q**3 - 11*q**2 + 9*q - 12. Let i(b) = b**2 - b + 4. Let y(p) = -a(p) - 5*i(p). Give y(f).
8
Let h = -274 + 280. Let i(u) = 2*u**3 - 6*u**2 - 23*u + 34. Let a(g) = -g**3 + 3*g**2 + 12*g - 18. Let z(f) = h*i(f) + 11*a(f). Calculate z(4).
-2
Suppose 56 = 4*a - 184. Suppose -42*i = -32*i - a. Let z(w) = 7 + 3*w**2 - 5*w - 1 + w - 2*w**2. Determine z(i).
18
Suppose c - 4*f + 16 = 5*c, 3*f - 17 = -4*c. Let u(i) be the third derivative of 1/24*i**4 + 2/3*i**3 + 0 + 15*i**2 + 0*i. Give u(c).
9
Let z(i) = i + 6. Let a be z(4). Let f(y) = 0 + 7 - y - a*y + y**2 + 4*y. Calculate f(5).
-3
Let w(y) = -y**2 - 11*y - 20. Let a be w(-8). Let k(c) = -3 + a*c - 5*c - 86*c**2 + 85*c**2. Suppose 0 = u - 3*u. What is k(u)?
-3
Let t(q) = -3 + 2 + 3*q + 6 + 5. Let i be (8/(-4))/(-21 - -23)*11. What is t(i)?
-23
Let r = -2 + 6. Suppose 0 = r*h + h - 25. Suppose 0 = -3*k - h + 23. Let x(g) = -3*g - 1. Give x(k).
-19
Let k(o) = -57*o - 2*o**2 + 12 + 22*o + 28*o. Let z(r) = 3*r**2 + 16*r - 25. Let c(u) = -5*k(u) - 3*z(u). Calculate c(10).
-15
Let p(i) be the third derivative of -11*i**6/120 + i**4/24 - i**3/6 + 4*i**2 + 1665*i. Let o(k) = k**2 + k - 1. Let h be o(-2). Give p(h).
-11
Let a(r) = -r**2 + 81*r - 9. Let z be a(0). Let s(o) = o**2 + 28*o + 173. Determine s(z).
2
Suppose -6 = -3*d - 0*d. Let p(x) = d*x - x**3 + 0*x - 1 + 1. Suppose 44 = -w - 21*w. Determine p(w).
4
Let m = -263 + 272. Let x be m/(-7) - 29/(1218/(-12)). Let j(w) = -14*w**2 + w. Determine j(x).
-15
Let p be (0 - 0 - -5) + (-24)/12. Let m(j) = 7 + 13 - 10*j + j**3 + p*j**2 - 19 + 3*j**2. Give m(-7).
22
Let o(q) = 5*q - 37. Suppose -3*p + 20 = 2*f - 7*p, -4*f + 5*p = -28. Let g be -16*f/(-4) + 1. What is o(g)?
8
Let t(m) = -m**3 + 4*m**2 - 5*m + 4. Let a be t(2). Suppose a*y + 3 = y. Let p be ((-2)/(-2))/1 - y. Let i(n) = -n**3 + 3*n**2 + 5*n - 3. What is i(p)?
1
Let a be ((-4)/6)/(30/270). Let u(c) = -7*c - 25. Let p(n) = n + 4. Let j(b) = a*p(b) - u(b). Determine j(-9).
-8
Let o(j) = -33*j + 126. Let i be o(4). Let q(h) = 5*h + 2. Let z(p) = 14*p + 5. Let a(k) = -11*q(k) + 4*z(k). Determine a(i).
-8
Let l(b) be the second derivative of b**5/10 + b**4/12 - b**3/6 + b**2/2 - b - 1334. Determine l(0).
1
Let p = 10462 - 10465. Let t(k) = -2*k**3 + 5*k**2 + 3*k + 1. Give t(p).
91
Let p(v) = -6*v**2 + 141*v + 32. Let o(c) = -7*c**2 + 163*c + 33. Let w(x) = 7*o(x) - 8*p(x). Calculate w(4).
11
Let d(i) = i - 3. Let r(g) = -g**3 - 2*g**2 + 4*g + 4. Suppose -10 = -2*u - 0. Suppose y + 4 = 5*w, -w + u*y = 2*w - 20. Let x be r(w). Determine d(x).
1
Let o(i) = 71*i - 2. Suppose -92*x = -23